 be m(-25). Suppose -8208 = -17*t - j*t. Calculate the highest common divisor of t and 16.
16
Let h(z) be the third derivative of -z**5/30 + 5*z**4/12 + 25*z**3/2 + 9*z**2 + z. Let c be h(9). What is the highest common divisor of 39 and c?
3
Let d = -3225 - -3253. Let g = 1 + 1. Suppose -3*a + 2*l - g = -49, -2*a + d = 2*l. Calculate the greatest common divisor of a and 120.
15
Let f be 5/(4/24 - 0). Let m be ((-3)/(-2))/(9/f). Let t be -2 + (-37)/(2 - 3). Calculate the greatest common factor of m and t.
5
Suppose -39 = -3*j - 3*s, -4*j + 3*s + 12 + 12 = 0. What is the highest common divisor of j and 37?
1
Let l = 44 - 48. Let g be (-24 - l)/((-2)/(-4)). Let z be (-206)/(-5) - g/50. Calculate the greatest common factor of 6 and z.
6
Let b(q) = 41*q**3 + 14*q**2 - 17*q + 40. Let c be b(2). Calculate the highest common factor of 1911 and c.
39
Let q = 429 + -414. Suppose 0 = q*s - 11*s - 68. What is the highest common factor of 102 and s?
17
Let r be 14/(-4) + 2 - (-3087)/18. Suppose 2*z = -o + 17, 0 = z - o - 15 + 2. Calculate the greatest common factor of r and z.
10
Let p(b) = 2*b**2 - 6. Let t be p(9). Let i = -51 + t. Suppose 0 = -11*l + 38*l - 567. Calculate the greatest common divisor of i and l.
21
Let l = -5189 + 5675. Calculate the greatest common factor of l and 48.
6
Let j be (10/6 + 0)/(16/48). Suppose -5*s + j*b + 320 = -170, s - 90 = -b. What is the highest common divisor of 141 and s?
47
Let w(p) = -p**3 + 21*p**2 + 46*p + 9. Let i(g) = -5*g - 72. Let o be i(-19). Let j be w(o). Calculate the highest common divisor of j and 117.
9
Let u be (3 - 8/16)*264. Suppose -u*w = -663*w + 315. Calculate the greatest common divisor of 245 and w.
35
Let v = -237 - -239. Suppose v*s - 623 = -3*x, -5*s + 284 = -4*s - 4*x. Calculate the highest common divisor of 38 and s.
38
Suppose 3*x = -t + 20, 4*t + 2*x - 48 = -2*x. Let c(g) = -17*g + 397. Let a be c(t). What is the greatest common factor of 9 and a?
9
Let z = 669 - 445. Let i = -160 + 188. What is the greatest common divisor of z and i?
28
Let u(b) = 8*b**3 + b**2 + 51*b + 7. Let j be u(5). What is the greatest common factor of j and 1053?
117
Let q = 234 - 63. Suppose 16*z = 14*z - 4*i + 90, 5*i = -4*z + q. Let c(o) = 5*o**2 - 7*o - 4. Let g be c(-5). What is the highest common factor of z and g?
39
Let j = -3278 + 3292. Calculate the greatest common factor of 126 and j.
14
Let r = -165 + 165. Suppose -3*a - 2*o + 0*o + 92 = r, -158 = -5*a - o. Calculate the highest common factor of a and 40.
8
Suppose -t + 26 = -3*t. Let y = -5 - t. Suppose -712 = -42*m - 544. What is the greatest common divisor of y and m?
4
Suppose 6 = -5*m + 7*m. Suppose -m*a + 4*g = -144, 2*a + 240 = 7*a + 3*g. Suppose 0 = -7*p + p + a. What is the greatest common factor of 8 and p?
8
Suppose -185*g + 362077 = 29817. What is the greatest common factor of g and 12?
4
Let w(x) = -x + 6. Let o be w(3). Suppose 7*f - 3072 = -790. Suppose 3*z - f = -308. Calculate the greatest common divisor of z and o.
3
Let j = 18 + -14. Suppose 246 = j*i + 2*a - 5*a, i - 58 = -a. Suppose -8 = 4*o - i. What is the greatest common factor of 143 and o?
13
Let z be 2/15 + (-41)/(12300/(-399560)). What is the greatest common factor of 72 and z?
36
Let o be 4/12 + (64/(-12))/4. Let x be 1105/85 - (0 - (o + 0)). What is the greatest common factor of 948 and x?
12
Suppose -1601 = 722*o - 742*o + 1699. What is the greatest common divisor of o and 1584?
33
Suppose -16 = -4*m - 0. Let b(l) = l - 2. Let k be b(m). Let w be 3/k + (-987)/(-14). Calculate the greatest common factor of 48 and w.
24
Let a be (-30)/(-15) + (-3366)/(-11). Suppose 0 = -z - 15 + 43. Calculate the highest common factor of a and z.
28
Let o(p) = p**2 + 14*p - 8. Let b be o(-15). Suppose -4*t + 533 = 6*r - 5*r, -5*t - 2*r = -667. What is the highest common divisor of t and b?
7
Let h(d) = -182*d + 536. Let s be h(0). Calculate the greatest common divisor of 3082 and s.
134
Let r(t) = 10*t**2 + 61*t + 1. Suppose 3*w + 1187 = 1163. Let b be r(w). What is the highest common divisor of 18 and b?
9
Let z = -3435 - -8764. Suppose -24*r + 2159 + z = 0. Calculate the highest common divisor of r and 39.
39
Suppose 2*u = -2*z + 38, -4*u + 3*z - 22 + 133 = 0. Suppose -4*m + 5*i = 5 + 9, -2*i + 8 = -2*m. Let t = 2 - m. Calculate the greatest common factor of t and u.
8
Let o(z) be the second derivative of 13*z**4/12 - z**3/6 - z**2/2 + 8*z. Let n be o(-3). Let m = 82 - 65. Calculate the highest common divisor of n and m.
17
Let u = -71 + 71. Suppose -5*t = 3*m + 7 - 42, -m - t + 13 = u. Let a be 0 + 30/(5 - 3). Calculate the greatest common divisor of m and a.
15
Let y(u) = 4102*u - 526. Let i be y(1). What is the highest common factor of 24 and i?
24
Suppose w = -2*i + 9, -2*w + i = 44 - 47. Suppose 4*l - 82 = w*d + 62, 180 = 5*l - 5*d. What is the greatest common divisor of 900 and l?
36
Let d = -1167 + 1215. What is the highest common divisor of 1968 and d?
48
Suppose -5*s = 2*x - 16, -11*x + 10*x + 2 = 4*s. What is the greatest common factor of 240 and x?
6
Let l(a) = 28*a**3 + 14*a**2 - 27*a + 3. Let y be l(3). What is the greatest common factor of 12 and y?
12
Let p be 128 - ((-27)/3 + 12 - -8). Calculate the highest common factor of p and 4173.
39
Let z(k) = -18*k + 685. Let f be z(-32). What is the highest common divisor of f and 39?
13
Suppose 221 = -5*r + 71. Let w = -23 - r. Let x be 38/w + (-8)/(-14). Calculate the greatest common factor of 18 and x.
6
Let g = 411 - -309. Suppose s = 9*s - g. Let b be -4*7/((-84)/s). What is the highest common factor of b and 50?
10
Let b be 3729 - ((-783)/27 - -8). What is the greatest common factor of b and 1725?
75
Suppose -3*q = 5*l - 81, -3*l + 3*q + 0*q + 39 = 0. Suppose -2*s + 10 = 3*o - 35, -3*s = -4*o - 25. Calculate the greatest common divisor of s and l.
15
Suppose -30*k + 58583 + 28407 + 8920 = 0. Calculate the highest common divisor of k and 23.
23
Let s be (2187/(-6))/(-9) - 25/(-10). Suppose 3*v + 150 = 5*c + 4*v, 2*c - s = 3*v. Calculate the highest common divisor of 29 and c.
29
Let a(n) = 58*n - 6. Suppose -2*k - 5*h = -14, 3*h + 4 = 4*k + k. Let o be a(k). Suppose -9*b + o = -8*b. Calculate the greatest common divisor of 10 and b.
10
Let a be ((-15)/(-25))/((-99)/(-41745)). Calculate the highest common factor of 345 and a.
23
Let b be ((-235)/(-4) - (-6)/(-8))/2. Suppose -7*w + r - 16 = -8*w, -r = -2*w + b. Calculate the greatest common divisor of w and 10.
5
Let t = -6298 - -6410. Let y(g) = 3*g**2 - 3*g - 6. Let m be y(-5). What is the greatest common factor of t and m?
28
Let v be 21968/38 - (60/285)/(4/2). Calculate the greatest common divisor of 442 and v.
34
Let a be (990/(-6))/((-81)/918). What is the highest common divisor of a and 330?
110
Suppose 3*r + 2*l = -0 - 8, -4*r + 5*l + 20 = 0. Suppose -3*q = 4*h - 2*q - 30, h + 2*q - 4 = r. Calculate the greatest common factor of h and 96.
8
Let w = -9085 - -13775. What is the greatest common factor of w and 70?
70
Let y be 2 + ((-2)/6)/(44/(-528)). Suppose -y*m + 26*m - 720 = 0. Calculate the highest common divisor of m and 1044.
36
Suppose -838 + 778 = -6*q. What is the greatest common factor of 245 and q?
5
Let v be 171/36*(-1 - 0 - 3)*-51. Calculate the highest common divisor of v and 114.
57
Suppose 5*v = 5*c + 810, 0 = -3*v + 1902*c - 1900*c + 478. Suppose -5*o + 89 = -241. Calculate the greatest common divisor of v and o.
22
Suppose 63740 = 122*f + 13232. What is the highest common factor of f and 230?
46
Let r be (4*60/(-72))/((-5)/((-315)/(-6))). Calculate the greatest common divisor of 182 and r.
7
Suppose 3*c - 3859 - 7731 = -7*c. What is the highest common factor of 114 and c?
19
Let o be (-3)/(-4)*4*14. Let i(h) be the first derivative of h**3/3 - h**2 + 3. Let d be i(-7). What is the highest common factor of d and o?
21
Let y(d) = -d**3 + 18*d**2 - 12*d - 57. Let j be y(17). Let l be (3 + -12)/((-12)/j). What is the highest common factor of l and 336?
21
Let x be ((-11583)/(-27))/(6/80). Suppose 14*r + x = 25*r. Let w be r/10*1/(0 - -1). Calculate the greatest common divisor of w and 130.
26
Suppose -21*o - 559 + 2019 + 871 = 0. Calculate the greatest common divisor of 111 and o.
111
Suppose 22*a + 159 = 1523. Suppose 2*m - 69 = 3*j, 0 = -4*m - j + a +